 3
Suppose -13 + 1 = -3*f. Suppose 38 = f*x - 3*x. List the prime factors of x.
2, 19
Let b(d) = -2*d - 5 + 2 + d. Let o(z) = -z**3 + 7*z**2 - 8*z. Let u be o(6). What are the prime factors of b(u)?
3
What are the prime factors of (5 + (-84)/20)*(-135)/(-2)?
2, 3
Suppose -3*t = -0*t - 3*p - 6, -p + 1 = 0. List the prime factors of t.
3
What are the prime factors of (-5)/(-2)*(985/25 + -7)?
3
Let k(f) = f**2 - 15*f + 2. Let b be k(6). Let t be 111*(22/121 + (-17)/33). Let p = t - b. What are the prime factors of p?
3, 5
Suppose 0 = -0*g + 9*g - 45. Suppose 3*q - 129 - 55 = -2*f, -78 = -q - 4*f. Suppose 2*x = -4*w + q, -100 = -g*w + x + 2*x. What are the prime factors of w?
17
Let c = 9 - -11. Suppose 4 = n, -3*n = 2*f - 0*n - c. Suppose -2*s = -i - 31, f*i - 12 = 2*s - 52. What are the prime factors of s?
2, 7
Let a = 1 - 2. Let p = 14 - a. Let c = 26 - p. List the prime factors of c.
11
Suppose -4*s - 1 = -13, -s - 109 = -y. List the prime factors of y.
2, 7
Let i = 79 + -53. What are the prime factors of i?
2, 13
Suppose w = 5*w - 364. What are the prime factors of w?
7, 13
Let s(b) = -b**2 - 9 - 3 - 5*b + 8. Suppose -6 + 18 = -4*f. What are the prime factors of s(f)?
2
Let c(q) = q**2 - 6*q - 7. Let o be c(6). What are the prime factors of o/((-7)/10) - 0?
2, 5
Suppose -2*l - 48 = -6*l + 4*q, -2*l = -4*q - 18. What are the prime factors of l?
3, 5
Let u be (-3 + -39 + -1)*-1. Suppose 4*g + 3*l = 85, 5*g - 163 = -l - u. List the prime factors of g.
5
Suppose -7 + 23 = 4*n. Suppose p + n*z = -18, -5*p + 4*p - 3 = z. Suppose -p*r - 5*a - 1 = -20, -37 = -3*r + a. List the prime factors of r.
2, 3
Let g(p) = -p**2 + p - 4. Let n(m) = m**2 - 2*m + 4. Let v(c) = -4*g(c) - 3*n(c). What are the prime factors of v(-3)?
7
Suppose 150 - 45 = 5*d. List the prime factors of d.
3, 7
Let a be 16/6 + 2/(-3). Suppose 2*m - 27 = 3*i, 3*m - 1 = 3*i + 35. Suppose -a*w + 3*w - m = 0. List the prime factors of w.
3
Let k = 3 - 1. Suppose k*b - 4*c + 2*c - 40 = 0, -2*b - c + 31 = 0. List the prime factors of b.
17
Let r(f) = 5*f**2 + 7*f - 11. What are the prime factors of r(5)?
149
Let a be -12*-2*(-1)/(-4). Let b be 1 + a + -1 + -1. Suppose b*c + 8 = 2*f - 3, -12 = -3*f + 3*c. What are the prime factors of f?
3
Let f = 6 - 14. Let y(u) = 2*u**2 - 6*u + 6. Let k be y(4). Let l = k + f. List the prime factors of l.
2, 3
List the prime factors of ((-15)/10)/3 + 9/2.
2
Let q = 14 + -25. What are the prime factors of (-2 - q) + (3 - 2)?
2, 5
Suppose -x = -0*x - 3*w - 201, -4*x - 3*w + 759 = 0. What are the prime factors of x?
2, 3
Let o(s) = 11*s**2 - 3*s - 1. Let r be -6 - ((-16)/(-4))/(-1). List the prime factors of o(r).
7
Let p be (-66)/8 + 6/24. Let q(n) = n**2 + 4*n - 8. What are the prime factors of q(p)?
2, 3
Let l = -60 - -109. Suppose 0*h + 52 = 3*h - 4*d, h - l = -5*d. What are the prime factors of h?
2, 3
Suppose 2*c = 4*n + 5*c - 1075, n - 3*c = 250. List the prime factors of n.
5, 53
Let c(n) = -4 + 0 - 3 + 13*n - n**2. List the prime factors of c(7).
5, 7
Let y(i) = -i + 10. List the prime factors of y(-14).
2, 3
Suppose -5*v + 18 = k, 4*k + 2*v = -v + 72. List the prime factors of (k/(-12))/(1/(-2)).
3
Let m = 106 + 34. What are the prime factors of m?
2, 5, 7
Let g = 202 + -114. What are the prime factors of g?
2, 11
Let t = -45 - -76. Suppose 13 = 2*u - t. Let j = u + -13. List the prime factors of j.
3
Let d be 2/5 - (-98)/5. Suppose -m - 1 = 0, 4*m + 9 = 5*j - d. List the prime factors of j.
5
Let v(c) = -c**3 + 9*c**2. Let f be v(9). Suppose -2 = -2*b - 2*m, -2*b + 4*m + 3 + 11 = f. Suppose b*i + 39 = 3*r, -8 - 2 = -5*i. List the prime factors of r.
3, 5
What are the prime factors of 1 - (-3 + 0) - -7?
11
Let m(x) = -x**3 - 6*x**2 - x - 4. Let v be m(-6). Suppose 0 = 2*r + v*r - 20. Suppose 2*i + 39 + 19 = 3*k, 2*k - 7 = -r*i. List the prime factors of k.
2
Let k = -7 + 11. Suppose -2*v = f - 0*v - 20, -4*f + k*v + 104 = 0. Suppose -t - 17 = -4*u, t + 2*t - f = -3*u. What are the prime factors of t?
3
Let u(i) = 3*i + 7. Suppose -t = -3*n + 3 - 16, 2*t = -n - 9. Let b be u(n). List the prime factors of 28*2*(-2)/b.
2, 7
Let m(r) = 3*r**2 + 18*r + 13. What are the prime factors of m(-10)?
7, 19
Let s = 238 + -167. List the prime factors of s.
71
Let c(p) = -4*p. Suppose 5*z + 10 = -25. What are the prime factors of c(z)?
2, 7
Let c(p) = -p**2 - 21*p - 19. List the prime factors of c(-10).
7, 13
Suppose 12 = 3*f + j, -3*f + 2*j - 5 + 26 = 0. Suppose -5 = -f*d, s = -0*s + d + 8. List the prime factors of s.
3
Let b(z) = -z**3 - 7*z**2 - 9*z - 7. Let u be b(-6). Let f = -5 + u. List the prime factors of (-158)/(-10) + f/30.
2
Suppose 4*w = -4, -5*s + 328 = 3*w - 644. List the prime factors of s.
3, 5, 13
Let u = -366 + 538. What are the prime factors of u?
2, 43
Let z(r) = r**2 + 7*r + 3. Let x be z(-7). Suppose x*w = 16 + 5. What are the prime factors of w?
7
Let j be (1 + 0)/((-1)/(-2)). Suppose f = j*f - 5. List the prime factors of f.
5
Let f be (-1 + -2)*75/(-9). Suppose z - 40 = -3*z - 4*p, f = 3*z + 2*p. What are the prime factors of z?
5
Let f(b) = b**2 + 6*b + 1. Let p be f(-5). Let d = 8 - p. List the prime factors of d.
2, 3
Suppose 6*i - i = 75. Let o = i - -9. List the prime factors of o.
2, 3
Let d(p) = -5*p + 5. Let k(r) = -14*r + 16. Let i = -7 - 0. Let v(w) = i*d(w) + 2*k(w). What are the prime factors of v(3)?
2, 3
Suppose 4*r = 3*i - 15, 3*i + 0*r = 2*r + 15. What are the prime factors of i?
5
Let v(d) = -d**3 - d**2 - d - 1. Let u(r) = 3*r**3 + r**2 - r + 2. Let q(l) = u(l) + 4*v(l). List the prime factors of q(-3).
13
Let m = -3 - -11. What are the prime factors of (-9)/(-36) - (-78)/m?
2, 5
Suppose -5*r - 2 - 3 = 0. Let g be 2 + (r - (1 - 4)). List the prime factors of (g/10)/(2/20).
2
Let z(x) = -4*x - 8. Suppose 3*h + 4*y - 39 = -y, y = 0. Suppose -2*b - 2*f = 4, -f = -5*b - h - 21. List the prime factors of z(b).
2
What are the prime factors of 525/12 - (-1)/4?
2, 11
Let i(w) = -w**3 + 2*w**2 - 4*w + 1. Let s be i(3). What are the prime factors of ((-84)/35)/(3/s)?
2
Let x(f) = 11*f**3 + 2*f - 1. Let j be ((-3)/2)/(3/(-2)). What are the prime factors of x(j)?
2, 3
Let h = 36 + -7. Let w = 76 - 64. Let v = h - w. What are the prime factors of v?
17
Let d(s) = -s**3 - s**2 + 16. Let i be 3/12 + 2/(-8). What are the prime factors of d(i)?
2
Suppose -3*l = -5 - 1. Suppose -5*p + 13 = c, c - 13 = -2*c - l*p. Suppose -2 = f, 2*k - 2*f - 22 = c*f. List the prime factors of k.
2, 3
Let z be (-3 - -1)*6/(-4). Let f = z + 2. List the prime factors of f.
5
Let r(o) = o**2 + 8*o - 6. Let d be r(-9). Suppose 5*y + b + b + 270 = 0, -2*y - 108 = d*b. List the prime factors of (y/15)/((-3)/10).
2, 3
Let w = -12 + 15. Suppose 0 = 2*a + 3*a - 5. Suppose -w = -2*o + a. List the prime factors of o.
2
Let a be (-2)/2*-1*5. Let b(q) = q**3 - q**2 + 1. Let y be b(-1). Let f = a - y. List the prime factors of f.
2, 3
Suppose 11 + 1 = 4*b. Suppose 0*k + 66 = 2*k - f, b*f = 4*k - 136. List the prime factors of k.
31
Suppose 4*h + 3*h - 714 = 0. List the prime factors of h.
2, 3, 17
Suppose 4*h = a + 5, 4*h - h - 2*a = 0. Suppose -h*j = j - 9. What are the prime factors of j?
3
Let p be (-15)/(-5)*(-8)/(-6). Suppose -p*d + 96 = -4*v, 5*d - v = -0*v + 120. Suppose d = 4*r + 8. List the prime factors of r.
2
Suppose -5*x + 0*x + 35 = 0. Suppose -5*l - 72 = 3*t, 5*l + 8 = -x. Let d = 27 + t. List the prime factors of d.
2
Suppose b - 5 = -0*b. Suppose u - 1 + 12 = g, -2*u = b*g - 90. List the prime factors of g.
2
Suppose 5*h = 7 + 8. Let n = 12 + h. What are the prime factors of n?
3, 5
Suppose -4*i = -7*i + 24. Let h = i - -13. What are the prime factors of h?
3, 7
Let s(i) = i**3 + 7*i**2 - i + 15. Let c be s(-8). Let o = c + 77. What are the prime factors of o?
2, 3
Let z(y) = 5*y**2 - 2. What are the prime factors of z(2)?
2, 3
Suppose -4*w - 4*x = -8 - 32, -4*w - 3*x + 36 = 0. Suppose 3*s + 5*u - 39 = 0, u - 3 = -w. Let o = s + 1. List the prime factors of o.
19
Let x = -24 - -65. What are the prime factors of x?
41
Suppose 0 = -8*r + 42 + 238. List the prime factors of r.
5, 7
Let f(u) = -u - 3. Let y be f(-3). Let h(t) = -2*t**2 + 12 - t + 3*t**2 + 0. What are the prime factors of h(y)?
2, 3
Let c(f) = 2*f. Let j be c(1). Suppose w - 4 = j. Su